s of h(5).
2, 5
Let o = 84 + -36. List the prime factors of o.
2, 3
Let u(p) = -p**2 - 11*p - 8. Let q(h) be the second derivative of h**3/6 - 9*h**2/2 + 2*h. Let n be q(0). What are the prime factors of u(n)?
2, 5
Suppose 0*u - 99 = -5*f - u, -3*f = -3*u - 63. Suppose -5*h = -5*b + f, -4*h + 3*b - 18 = -2*b. Let g = 6 + h. List the prime factors of g.
2
Suppose -5*t + 79 - 334 = -4*n, 4*n - 2*t = 270. List the prime factors of n.
2, 5, 7
Let o(t) = -t**2 + t + 2. Let v be o(-3). Let s = v + 16. List the prime factors of s.
2, 3
Let y = -73 + 142. List the prime factors of y.
3, 23
Let k(c) = -c**3 - c**2 + 3*c + 8. What are the prime factors of k(-4)?
2, 11
Suppose -5*w - 81 + 246 = 0. What are the prime factors of w?
3, 11
Let k(d) = d**3 + 9*d**2 - 9*d + 10. Let p be k(-10). What are the prime factors of 8 - (p/3)/3?
2
Let l = 109 - 57. What are the prime factors of l?
2, 13
Let t(a) = 4*a - 2. Let j(g) = -2*g**3 + g**2 - 1. Let d(h) = h + 5. Let f be d(-6). Let o be j(f). What are the prime factors of t(o)?
2, 3
Suppose 9*m = 16*m - 1624. What are the prime factors of m?
2, 29
List the prime factors of 13775/76 - (-3 + 2)/(-4).
181
Let o = -19 + 40. List the prime factors of o.
3, 7
Let w(u) = 2*u + 5. Let l be (-18)/(-12)*(-16)/(-6). What are the prime factors of w(l)?
13
Suppose 5*f - 61 = 5*d + 114, 0 = 2*d + 4. What are the prime factors of f?
3, 11
Suppose -2*r - 2 = 5*x + 1, 4 = -4*x. Suppose -r + 37 = 3*g. What are the prime factors of g?
2, 3
Let b be ((-1)/2)/((-2)/4). Suppose -b = 4*k + 7. List the prime factors of (-101)/(-9) + k/9.
11
Let n be 27/6 + (-1)/2. Let d be (-6)/3 + n + 2. Suppose 2*v + 0 = d. What are the prime factors of v?
2
Let p = 10 - 28. Let l be (-224)/36 - 4/p. Let w = 13 + l. What are the prime factors of w?
7
Suppose 36 + 376 = 4*j. List the prime factors of j.
103
Let t(d) = -9*d + 17. List the prime factors of t(-15).
2, 19
List the prime factors of (-1467)/(-12) - (-2)/(-1*8).
2, 61
Suppose -3*h = -5*h + 2*w - 16, -5*h - 22 = w. Let d(i) = -i**3 + 6*i**2 + 5*i + 6. Let s be d(6). What are the prime factors of (s/20)/((-1)/h)?
3
Let p(o) = o**3 + 9*o**2 + 2*o. List the prime factors of p(-7).
2, 3, 7
Let r(d) = -8*d. Let i = -20 + 28. Let y(v) = -v + 7. Let o be y(i). What are the prime factors of r(o)?
2
Let n = -18 - -13. Let t = -3 - n. Suppose 5*u - t*u = 6. What are the prime factors of u?
2
Suppose 2*c - 4*k = 34, -c + k = -0*k - 18. List the prime factors of c.
19
Let g(j) = -3*j**3 - 2*j**2 + 4*j - 1. Suppose -5*k + k = 12. Let t be g(k). Suppose 0 = -3*y - 14 + t. What are the prime factors of y?
2, 3
Suppose 3*i - 10 = 2*i + 4*z, i - 8 = 3*z. Suppose -3*x = -i*x - 38. Suppose 4*r + 3*n = 5*n + x, -32 = -4*r - 4*n. What are the prime factors of r?
3
Suppose -t - 4*g = 5, -5*t - 4 + 13 = 3*g. Suppose 5*a - 20 = 0, -3*b - t*a + 11 = -148. What are the prime factors of b?
7
Let h(m) be the first derivative of m**3/6 + 13*m**2/2 + m - 2. Let k(d) be the first derivative of h(d). What are the prime factors of k(-7)?
2, 3
Let j be (-2)/5 + 46/(-10). What are the prime factors of j/((-20)/36)*2?
2, 3
Let y(k) = 42*k**2 + k - 1. Let h be y(1). Let c = -13 + h. List the prime factors of c.
29
Suppose 2*f = 7*f + 95. Let q = 29 + f. What are the prime factors of q?
2, 5
Let z(o) = o**3 - 4*o**2 + o. List the prime factors of z(4).
2
What are the prime factors of ((0 - 0) + 2)*(-1 - -12)?
2, 11
Suppose 2*b + 2*o = 56, -5*o = -5*b + 141 - 31. What are the prime factors of b?
5
Let o(a) = 2*a**3 - 4*a**2 + 1. List the prime factors of o(3).
19
Let h be (-3)/(-1) + 4 + -2. List the prime factors of (-2)/h - 636/(-15).
2, 3, 7
Let o(j) = j**2 - 13*j - 11. Let a be o(14). List the prime factors of (-2)/a + (-1212)/(-36).
3, 11
Let z be 1/((-5)/(-4) + -1). Suppose -3*t + 0*t - z*j + 26 = 0, t + 2*j - 12 = 0. Suppose t*x - 6*x = -20. List the prime factors of x.
5
Suppose -3*r + 5*a + 142 + 130 = 0, -r + 80 = a. List the prime factors of r.
2, 3, 7
What are the prime factors of 4/14 - (0 + (-374)/14)?
3
Let g = -30 - -55. Suppose 5 + 5 = -5*m. Let d = g + m. What are the prime factors of d?
23
List the prime factors of (100/(-8))/(1/(-2)).
5
Suppose -5*w = -c - 20, -5*c = -0*w + 5*w - 50. Suppose -s + a + 2 + 7 = 0, -2*s + 30 = -w*a. What are the prime factors of s?
5
Let j(c) = c - 7. Let r be j(6). Let s be (-8 + 0)/(r + -1). Suppose -x - 39 = -s*x. List the prime factors of x.
13
Let i = -77 - -128. List the prime factors of i.
3, 17
Let w = 114 + -35. What are the prime factors of w?
79
Let n be -1 + (-4)/2 - -2. Suppose 0*m + 15 = 3*m, 5*m - 21 = -2*b. List the prime factors of 2 - 4*(b - n).
2, 3
List the prime factors of 1/7 + 2247/49.
2, 23
Let r(s) = -12*s**3 + s + 1. Let w be r(-1). Suppose w = -2*z + 2. Let f = 12 + z. List the prime factors of f.
7
Let y(u) = 4*u. Let g be y(-1). Let h(s) = s**3 + 5*s**2 + s - 2. List the prime factors of h(g).
2, 5
Suppose -3*v = 5*i, -4*i + 8 = 4*v - 0*v. Let l(n) = -n**3 + 3*n + 1. What are the prime factors of l(i)?
19
Let w = 442 + -213. List the prime factors of w.
229
Let x(o) = -o + 6. Let c be x(-8). Suppose 4*m = 4*y + 12, 0 = 3*m - y - 5 - c. List the prime factors of m.
2
Let u(f) = -f**2 - f + 6. Let t be u(0). Let x = 10 - t. Suppose 3*v = x*v - 2. List the prime factors of v.
2
Suppose u + 27 + 31 = 0. Let r = u + 38. What are the prime factors of 0/(-1) - 1 - r?
19
Let f = -7 - -9. Suppose 2*u + u + 4 = f*s, 5 = s. List the prime factors of u.
2
Let f(l) = l**3 - 7*l**2 - 5*l - 7. List the prime factors of f(8).
17
What are the prime factors of 137/3 - (15/9 - 2)?
2, 23
Let f(x) = -3*x**2 + 5*x - 5. Let v be f(4). What are the prime factors of (-1)/(102/v + 3)?
11
Suppose -u - 2 = -10. What are the prime factors of u?
2
List the prime factors of 178/2 - (-3 - -7).
5, 17
Suppose 0 = -d - 2*h - 4, 0 = 3*h + 9 - 21. Let q = d + 45. What are the prime factors of q?
3, 11
Suppose -3*d + 33 + 105 = 0. What are the prime factors of d?
2, 23
Let l(q) = -3*q + 1 + 0 + 2*q. Let d be l(2). What are the prime factors of (1 - d)/(2/8)?
2
Let p be -2 + (2/(-2) - -8). Suppose d = p*q + 23, 0*d + 4*d + q - 29 = 0. What are the prime factors of d?
2
Let q be (-1)/3*-3 + 2. Suppose 3*g - 12 = 0, -q*j - 3*g = -0*g - 51. List the prime factors of j.
13
Let j(r) = -2*r**2 - 4*r - 5. Let k be j(-4). Let q = 34 + k. What are the prime factors of q?
13
Suppose n - 15 = -5*r, 2*r - 3*r = -2*n - 3. List the prime factors of r.
3
Suppose -5*c - 676 = -4*h, 2*h - c = 115 + 223. List the prime factors of h.
13
Suppose v - 1 = t + 2*t, v + 1 = 5*t. List the prime factors of 7 - 8 - (t + -23).
3, 7
Let t = -44 + 20. List the prime factors of 6/(-2) - t - 3.
2, 3
Let o = 12 + -22. Let t = -5 - o. Suppose -2*p - t*u + 27 = -24, -15 = -3*u. What are the prime factors of p?
13
Suppose z + x = 38, -3*z - 4*x - x + 116 = 0. What are the prime factors of z?
37
Let g(u) = 7*u**2 - 8*u + 4. What are the prime factors of g(5)?
139
Suppose -227*j = -232*j + 400. What are the prime factors of j?
2, 5
Let o be (-18)/27 + 28/6. Suppose a = -4*a - 2*b + 175, 4*a + o*b = 140. What are the prime factors of a?
5, 7
Let p = 8 + -3. Suppose -p*s + 2*s = -24. What are the prime factors of s?
2
Suppose y + 2*g = 56, -4*g = -3*y + 174 + 34. What are the prime factors of y?
2
Let n = -94 - -181. What are the prime factors of n?
3, 29
Suppose -4*y + 3*l = -373, 0 = -y - y + 3*l + 185. Suppose -6 - y = -5*p. What are the prime factors of p?
2, 5
Let g(f) = 16*f**2 - 2*f - 1. Let c be g(2). Let j = c + -8. What are the prime factors of j?
3, 17
Let a be 2/(10/6 + -1). Suppose 0*j - 33 = -5*b - 4*j, 21 = 3*b + 3*j. Suppose -5*t = -4*m - 25, -a*m = b*t + 2*m - 25. List the prime factors of t.
5
Suppose 5*c - c + 10 = -l, 3*l + 72 = 2*c. Let o = l - -33. What are the prime factors of o?
11
Let y = 4 + 1. Suppose -y*r + 3 = -42. What are the prime factors of r?
3
List the prime factors of -6*3/6*-2.
2, 3
Suppose -3*m - 165 = -3*f, 3*f + f - 3*m = 219. What are the prime factors of f?
2, 3
Let p = 145 - 58. List the prime factors of p.
3, 29
Suppose -2*r = r + 4*w - 78, 0 = 2*r - 3*w - 69. List the prime factors of r.
2, 3, 5
What are the prime factors of (-4)/14 - 1080/(-56)?
19
Let h(b) = 2*b**2 + 13*b - 18.